{"id":18,"date":"2017-05-22T17:20:00","date_gmt":"2017-05-22T15:20:00","guid":{"rendered":"http:\/\/www.etiennegrenier-avocat.fr\/?page_id=18"},"modified":"2019-07-05T07:27:46","modified_gmt":"2019-07-05T05:27:46","slug":"accueil","status":"publish","type":"page","link":"https:\/\/www.etiennegrenier-avocat.fr\/","title":{"rendered":"Accueil"},"content":{"rendered":"<h1 style=\"text-align: center;\"><span style=\"vertical-align: inherit;\"><span style=\"vertical-align: inherit;\"><span style=\"vertical-align: inherit;\"><span style=\"vertical-align: inherit;\">Avocat Bordeaux&nbsp;<\/span><\/span><\/span><\/span><\/h1>\n<hr>\n<h1 style=\"text-align: center;\"><span style=\"vertical-align: inherit;\"><span style=\"vertical-align: inherit;\"><span style=\"vertical-align: inherit;\"><span style=\"vertical-align: inherit;\">Etienne Grenier Avocat \u00e0 la Cour <\/span><\/span><\/span><\/span><\/h1>\n<h2 style=\"text-align: center;\"><span style=\"vertical-align: inherit;\"><span style=\"vertical-align: inherit;\"><span style=\"vertical-align: inherit;\"><span style=\"vertical-align: inherit;\">Mes comp\u00e9tences:<\/span><\/span><\/span><\/span><\/h2>\n<p align=\"justify\">Ma\u00eetre Etienne Grenier, <strong>Avocat au barreau de Bordeaux depuis 2012<\/strong> a cr\u00e9\u00e9 sa propre structure en 2015 apr\u00e8s plusieurs ann\u00e9es d&rsquo;exp\u00e9riences au sein d&rsquo;un <strong>cabinet orient\u00e9 vers le droit p\u00e9nal, le droit des personnes et le droit des \u00e9trangers.<\/strong><\/p>\n<p align=\"justify\">Il exerce \u00e0 titre individuel au sien d&rsquo;un cabinet compos\u00e9 de 6 avocats.<\/p>\n<p align=\"justify\">Ma\u00eetre Etienne Grenier est membre de l&rsquo;Institut de D\u00e9fense P\u00e9nale (I.D.P.), de l&rsquo;Institut de D\u00e9fense des Etrangers (I.D.E.) et du Centre de Recherche, d&rsquo;Information et de Consultation sur les Droits de l&rsquo;Enfant (C.R.I.C.) du barreau de Bordeaux.<\/p>\n<hr>\n<h2 style=\"text-align: center;\"><span style=\"vertical-align: inherit;\"><span style=\"vertical-align: inherit;\"><span style=\"vertical-align: inherit;\"><span style=\"vertical-align: inherit;\">Domaine de comp\u00e9tences:<\/span><\/span><\/span><\/span><\/h2>\n<p><img loading=\"lazy\" decoding=\"async\" class=\"size-medium wp-image-181 aligncenter\" src=\"http:\/\/www.etiennegrenier-avocat.fr\/wp-content\/uploads\/2019\/06\/o-300x200.jpg\" alt=\"tribunal de bordeaux\" width=\"300\" height=\"200\" srcset=\"https:\/\/www.etiennegrenier-avocat.fr\/wp-content\/uploads\/2019\/06\/o-300x200.jpg 300w, https:\/\/www.etiennegrenier-avocat.fr\/wp-content\/uploads\/2019\/06\/o-768x511.jpg 768w, https:\/\/www.etiennegrenier-avocat.fr\/wp-content\/uploads\/2019\/06\/o-700x466.jpg 700w, https:\/\/www.etiennegrenier-avocat.fr\/wp-content\/uploads\/2019\/06\/o-520x346.jpg 520w, https:\/\/www.etiennegrenier-avocat.fr\/wp-content\/uploads\/2019\/06\/o-360x240.jpg 360w, https:\/\/www.etiennegrenier-avocat.fr\/wp-content\/uploads\/2019\/06\/o-250x167.jpg 250w, https:\/\/www.etiennegrenier-avocat.fr\/wp-content\/uploads\/2019\/06\/o-100x67.jpg 100w, https:\/\/www.etiennegrenier-avocat.fr\/wp-content\/uploads\/2019\/06\/o.jpg 1000w\" sizes=\"auto, (max-width: 300px) 100vw, 300px\" \/><\/p>\n<p style=\"text-align: center;\"><span style=\"vertical-align: inherit;\"><span style=\"vertical-align: inherit;\"><span style=\"vertical-align: inherit;\"><span style=\"vertical-align: inherit;\">la r\u00e9paration du dommage corporel, le <\/span><\/span><\/span><\/span><strong><span style=\"vertical-align: inherit;\"><span style=\"vertical-align: inherit;\"><span style=\"vertical-align: inherit;\"><span style=\"vertical-align: inherit;\">droit de la famille<\/span><\/span><\/span><\/span><\/strong><span style=\"vertical-align: inherit;\"><span style=\"vertical-align: inherit;\"><span style=\"vertical-align: inherit;\"><span style=\"vertical-align: inherit;\"> et des personnes, le droit civil, le droit de la route, et certains contentieux administratifs &#8230;<\/span><\/span><\/span><\/span><\/p>\n<hr>\n<p style=\"text-align: center;\">\n","protected":false},"excerpt":{"rendered":"<p>Avocat Bordeaux&nbsp; Etienne Grenier Avocat \u00e0 la Cour Mes comp\u00e9tences: Ma\u00eetre Etienne Grenier, Avocat au barreau de Bordeaux depuis 2012 a cr\u00e9\u00e9 sa propre structure en 2015 apr\u00e8s plusieurs ann\u00e9es d&rsquo;exp\u00e9riences au sein d&rsquo;un cabinet orient\u00e9 vers le droit p\u00e9nal, [&hellip;]<\/p>\n","protected":false},"author":1,"featured_media":0,"parent":0,"menu_order":0,"comment_status":"closed","ping_status":"closed","template":"page-templates\/page_fullwidth.php","meta":{"jetpack_post_was_ever_published":false,"footnotes":""},"class_list":["post-18","page","type-page","status-publish","hentry","clearfix"],"yoast_head":"<!-- This site is optimized with the Yoast SEO plugin v27.3 - https:\/\/yoast.com\/product\/yoast-seo-wordpress\/ -->\n<title>Avocat Bordeaux l Etienne Grenier l D\u00e9fense - N\u00e9gociation - R\u00e9daction<\/title>\n<meta name=\"description\" content=\"Avocat Bordeaux-Etienne Grenier-D\u00e9fense aupr\u00e8s du tribunal civil, p\u00e9nal, administratif- R\u00e9daction d&#039;actes-N\u00e9gociation entre deux parties-T\u00e9l. 05.56.92.36.84\" \/>\n<meta name=\"robots\" content=\"index, follow, max-snippet:-1, max-image-preview:large, max-video-preview:-1\" \/>\n<link rel=\"canonical\" href=\"https:\/\/www.etiennegrenier-avocat.fr\/\" \/>\n<meta property=\"og:locale\" content=\"fr_FR\" \/>\n<meta property=\"og:type\" content=\"article\" \/>\n<meta property=\"og:title\" content=\"Avocat Bordeaux l Etienne Grenier l D\u00e9fense - N\u00e9gociation - R\u00e9daction\" \/>\n<meta property=\"og:description\" content=\"Avocat Bordeaux-Etienne Grenier-D\u00e9fense aupr\u00e8s du tribunal civil, p\u00e9nal, administratif- R\u00e9daction d&#039;actes-N\u00e9gociation entre deux parties-T\u00e9l. 05.56.92.36.84\" \/>\n<meta property=\"og:url\" content=\"https:\/\/www.etiennegrenier-avocat.fr\/\" \/>\n<meta property=\"og:site_name\" content=\"Etienne Grenier\" \/>\n<meta property=\"article:modified_time\" content=\"2019-07-05T05:27:46+00:00\" \/>\n<meta property=\"og:image\" content=\"http:\/\/www.etiennegrenier-avocat.fr\/wp-content\/uploads\/2019\/06\/o-300x200.jpg\" \/>\n<meta name=\"twitter:card\" content=\"summary_large_image\" \/>\n<meta name=\"twitter:label1\" content=\"Dur\u00e9e de lecture est.\" \/>\n\t<meta name=\"twitter:data1\" content=\"1 minute\" \/>\n<script type=\"application\/ld+json\" class=\"yoast-schema-graph\">{\"@context\":\"https:\\\/\\\/schema.org\",\"@graph\":[{\"@type\":\"WebPage\",\"@id\":\"https:\\\/\\\/www.etiennegrenier-avocat.fr\\\/\",\"url\":\"https:\\\/\\\/www.etiennegrenier-avocat.fr\\\/\",\"name\":\"Avocat Bordeaux l Etienne Grenier l D\u00e9fense - N\u00e9gociation - R\u00e9daction\",\"isPartOf\":{\"@id\":\"https:\\\/\\\/www.etiennegrenier-avocat.fr\\\/#website\"},\"primaryImageOfPage\":{\"@id\":\"https:\\\/\\\/www.etiennegrenier-avocat.fr\\\/#primaryimage\"},\"image\":{\"@id\":\"https:\\\/\\\/www.etiennegrenier-avocat.fr\\\/#primaryimage\"},\"thumbnailUrl\":\"http:\\\/\\\/www.etiennegrenier-avocat.fr\\\/wp-content\\\/uploads\\\/2019\\\/06\\\/o-300x200.jpg\",\"datePublished\":\"2017-05-22T15:20:00+00:00\",\"dateModified\":\"2019-07-05T05:27:46+00:00\",\"description\":\"Avocat Bordeaux-Etienne Grenier-D\u00e9fense aupr\u00e8s du tribunal civil, p\u00e9nal, administratif- R\u00e9daction d'actes-N\u00e9gociation entre deux parties-T\u00e9l. 05.56.92.36.84\",\"breadcrumb\":{\"@id\":\"https:\\\/\\\/www.etiennegrenier-avocat.fr\\\/#breadcrumb\"},\"inLanguage\":\"fr-BE\",\"potentialAction\":[{\"@type\":\"ReadAction\",\"target\":[\"https:\\\/\\\/www.etiennegrenier-avocat.fr\\\/\"]}]},{\"@type\":\"ImageObject\",\"inLanguage\":\"fr-BE\",\"@id\":\"https:\\\/\\\/www.etiennegrenier-avocat.fr\\\/#primaryimage\",\"url\":\"http:\\\/\\\/www.etiennegrenier-avocat.fr\\\/wp-content\\\/uploads\\\/2019\\\/06\\\/o-300x200.jpg\",\"contentUrl\":\"http:\\\/\\\/www.etiennegrenier-avocat.fr\\\/wp-content\\\/uploads\\\/2019\\\/06\\\/o-300x200.jpg\"},{\"@type\":\"BreadcrumbList\",\"@id\":\"https:\\\/\\\/www.etiennegrenier-avocat.fr\\\/#breadcrumb\",\"itemListElement\":[{\"@type\":\"ListItem\",\"position\":1,\"name\":\"Accueil\",\"item\":\"https:\\\/\\\/www.etiennegrenier-avocat.fr\\\/\"},{\"@type\":\"ListItem\",\"position\":2,\"name\":\"Accueil\"}]},{\"@type\":\"WebSite\",\"@id\":\"https:\\\/\\\/www.etiennegrenier-avocat.fr\\\/#website\",\"url\":\"https:\\\/\\\/www.etiennegrenier-avocat.fr\\\/\",\"name\":\"Etienne Grenier\",\"description\":\"Avocat \u00e0 la Cour\",\"potentialAction\":[{\"@type\":\"SearchAction\",\"target\":{\"@type\":\"EntryPoint\",\"urlTemplate\":\"https:\\\/\\\/www.etiennegrenier-avocat.fr\\\/?s={search_term_string}\"},\"query-input\":{\"@type\":\"PropertyValueSpecification\",\"valueRequired\":true,\"valueName\":\"search_term_string\"}}],\"inLanguage\":\"fr-BE\"}]}<\/script>\n<!-- \/ Yoast SEO plugin. -->","yoast_head_json":{"title":"Avocat Bordeaux l Etienne Grenier l D\u00e9fense - N\u00e9gociation - R\u00e9daction","description":"Avocat Bordeaux-Etienne Grenier-D\u00e9fense aupr\u00e8s du tribunal civil, p\u00e9nal, administratif- R\u00e9daction d'actes-N\u00e9gociation entre deux parties-T\u00e9l. 05.56.92.36.84","robots":{"index":"index","follow":"follow","max-snippet":"max-snippet:-1","max-image-preview":"max-image-preview:large","max-video-preview":"max-video-preview:-1"},"canonical":"https:\/\/www.etiennegrenier-avocat.fr\/","og_locale":"fr_FR","og_type":"article","og_title":"Avocat Bordeaux l Etienne Grenier l D\u00e9fense - N\u00e9gociation - R\u00e9daction","og_description":"Avocat Bordeaux-Etienne Grenier-D\u00e9fense aupr\u00e8s du tribunal civil, p\u00e9nal, administratif- R\u00e9daction d'actes-N\u00e9gociation entre deux parties-T\u00e9l. 05.56.92.36.84","og_url":"https:\/\/www.etiennegrenier-avocat.fr\/","og_site_name":"Etienne Grenier","article_modified_time":"2019-07-05T05:27:46+00:00","og_image":[{"url":"http:\/\/www.etiennegrenier-avocat.fr\/wp-content\/uploads\/2019\/06\/o-300x200.jpg","type":"","width":"","height":""}],"twitter_card":"summary_large_image","twitter_misc":{"Dur\u00e9e de lecture est.":"1 minute"},"schema":{"@context":"https:\/\/schema.org","@graph":[{"@type":"WebPage","@id":"https:\/\/www.etiennegrenier-avocat.fr\/","url":"https:\/\/www.etiennegrenier-avocat.fr\/","name":"Avocat Bordeaux l Etienne Grenier l D\u00e9fense - N\u00e9gociation - R\u00e9daction","isPartOf":{"@id":"https:\/\/www.etiennegrenier-avocat.fr\/#website"},"primaryImageOfPage":{"@id":"https:\/\/www.etiennegrenier-avocat.fr\/#primaryimage"},"image":{"@id":"https:\/\/www.etiennegrenier-avocat.fr\/#primaryimage"},"thumbnailUrl":"http:\/\/www.etiennegrenier-avocat.fr\/wp-content\/uploads\/2019\/06\/o-300x200.jpg","datePublished":"2017-05-22T15:20:00+00:00","dateModified":"2019-07-05T05:27:46+00:00","description":"Avocat Bordeaux-Etienne Grenier-D\u00e9fense aupr\u00e8s du tribunal civil, p\u00e9nal, administratif- R\u00e9daction d'actes-N\u00e9gociation entre deux parties-T\u00e9l. 05.56.92.36.84","breadcrumb":{"@id":"https:\/\/www.etiennegrenier-avocat.fr\/#breadcrumb"},"inLanguage":"fr-BE","potentialAction":[{"@type":"ReadAction","target":["https:\/\/www.etiennegrenier-avocat.fr\/"]}]},{"@type":"ImageObject","inLanguage":"fr-BE","@id":"https:\/\/www.etiennegrenier-avocat.fr\/#primaryimage","url":"http:\/\/www.etiennegrenier-avocat.fr\/wp-content\/uploads\/2019\/06\/o-300x200.jpg","contentUrl":"http:\/\/www.etiennegrenier-avocat.fr\/wp-content\/uploads\/2019\/06\/o-300x200.jpg"},{"@type":"BreadcrumbList","@id":"https:\/\/www.etiennegrenier-avocat.fr\/#breadcrumb","itemListElement":[{"@type":"ListItem","position":1,"name":"Accueil","item":"https:\/\/www.etiennegrenier-avocat.fr\/"},{"@type":"ListItem","position":2,"name":"Accueil"}]},{"@type":"WebSite","@id":"https:\/\/www.etiennegrenier-avocat.fr\/#website","url":"https:\/\/www.etiennegrenier-avocat.fr\/","name":"Etienne Grenier","description":"Avocat \u00e0 la Cour","potentialAction":[{"@type":"SearchAction","target":{"@type":"EntryPoint","urlTemplate":"https:\/\/www.etiennegrenier-avocat.fr\/?s={search_term_string}"},"query-input":{"@type":"PropertyValueSpecification","valueRequired":true,"valueName":"search_term_string"}}],"inLanguage":"fr-BE"}]}},"jetpack_sharing_enabled":true,"jetpack_shortlink":"https:\/\/wp.me\/P8LLNm-i","_links":{"self":[{"href":"https:\/\/www.etiennegrenier-avocat.fr\/index.php\/wp-json\/wp\/v2\/pages\/18","targetHints":{"allow":["GET"]}}],"collection":[{"href":"https:\/\/www.etiennegrenier-avocat.fr\/index.php\/wp-json\/wp\/v2\/pages"}],"about":[{"href":"https:\/\/www.etiennegrenier-avocat.fr\/index.php\/wp-json\/wp\/v2\/types\/page"}],"author":[{"embeddable":true,"href":"https:\/\/www.etiennegrenier-avocat.fr\/index.php\/wp-json\/wp\/v2\/users\/1"}],"replies":[{"embeddable":true,"href":"https:\/\/www.etiennegrenier-avocat.fr\/index.php\/wp-json\/wp\/v2\/comments?post=18"}],"version-history":[{"count":32,"href":"https:\/\/www.etiennegrenier-avocat.fr\/index.php\/wp-json\/wp\/v2\/pages\/18\/revisions"}],"predecessor-version":[{"id":311,"href":"https:\/\/www.etiennegrenier-avocat.fr\/index.php\/wp-json\/wp\/v2\/pages\/18\/revisions\/311"}],"wp:attachment":[{"href":"https:\/\/www.etiennegrenier-avocat.fr\/index.php\/wp-json\/wp\/v2\/media?parent=18"}],"curies":[{"name":"wp","href":"https:\/\/api.w.org\/{rel}","templated":true}]}}

<h1 style="text-align: center;"><span style="vertical-align: inherit;"><span style="vertical-align: inherit;"><span style="vertical-align: inherit;"><span style="vertical-align: inherit;">Avocat Bordeaux&nbsp;</span></span></span></span></h1>
<hr>
<h1 style="text-align: center;"><span style="vertical-align: inherit;"><span style="vertical-align: inherit;"><span style="vertical-align: inherit;"><span style="vertical-align: inherit;">Etienne Grenier Avocat à la Cour </span></span></span></span></h1>
<h2 style="text-align: center;"><span style="vertical-align: inherit;"><span style="vertical-align: inherit;"><span style="vertical-align: inherit;"><span style="vertical-align: inherit;">Mes compétences:</span></span></span></span></h2>
<p align="justify">Maître Etienne Grenier, <strong>Avocat au barreau de Bordeaux depuis 2012</strong> a créé sa propre structure en 2015 après plusieurs années d&rsquo;expériences au sein d&rsquo;un <strong>cabinet orienté vers le droit pénal, le droit des personnes et le droit des étrangers.</strong></p>
<p align="justify">Il exerce à titre individuel au sien d&rsquo;un cabinet composé de 6 avocats.</p>
<p align="justify">Maître Etienne Grenier est membre de l&rsquo;Institut de Défense Pénale (I.D.P.), de l&rsquo;Institut de Défense des Etrangers (I.D.E.) et du Centre de Recherche, d&rsquo;Information et de Consultation sur les Droits de l&rsquo;Enfant (C.R.I.C.) du barreau de Bordeaux.</p>
<hr>
<h2 style="text-align: center;"><span style="vertical-align: inherit;"><span style="vertical-align: inherit;"><span style="vertical-align: inherit;"><span style="vertical-align: inherit;">Domaine de compétences:</span></span></span></span></h2>
<p><img loading="lazy" decoding="async" class="size-medium wp-image-181 aligncenter" src="http://www.etiennegrenier-avocat.fr/wp-content/uploads/2019/06/o-300x200.jpg" alt="tribunal de bordeaux" width="300" height="200" srcset="https://www.etiennegrenier-avocat.fr/wp-content/uploads/2019/06/o-300x200.jpg 300w, https://www.etiennegrenier-avocat.fr/wp-content/uploads/2019/06/o-768x511.jpg 768w, https://www.etiennegrenier-avocat.fr/wp-content/uploads/2019/06/o-700x466.jpg 700w, https://www.etiennegrenier-avocat.fr/wp-content/uploads/2019/06/o-520x346.jpg 520w, https://www.etiennegrenier-avocat.fr/wp-content/uploads/2019/06/o-360x240.jpg 360w, https://www.etiennegrenier-avocat.fr/wp-content/uploads/2019/06/o-250x167.jpg 250w, https://www.etiennegrenier-avocat.fr/wp-content/uploads/2019/06/o-100x67.jpg 100w, https://www.etiennegrenier-avocat.fr/wp-content/uploads/2019/06/o.jpg 1000w" sizes="auto, (max-width: 300px) 100vw, 300px" /></p>
<p style="text-align: center;"><span style="vertical-align: inherit;"><span style="vertical-align: inherit;"><span style="vertical-align: inherit;"><span style="vertical-align: inherit;">la réparation du dommage corporel, le </span></span></span></span><strong><span style="vertical-align: inherit;"><span style="vertical-align: inherit;"><span style="vertical-align: inherit;"><span style="vertical-align: inherit;">droit de la famille</span></span></span></span></strong><span style="vertical-align: inherit;"><span style="vertical-align: inherit;"><span style="vertical-align: inherit;"><span style="vertical-align: inherit;"> et des personnes, le droit civil, le droit de la route, et certains contentieux administratifs &#8230;</span></span></span></span></p>
<hr>
<p style="text-align: center;">

<p>Avocat Bordeaux&nbsp; Etienne Grenier Avocat à la Cour Mes compétences: Maître Etienne Grenier, Avocat au barreau de Bordeaux depuis 2012 a créé sa propre structure en 2015 après plusieurs années d&rsquo;expériences au sein d&rsquo;un cabinet orienté vers le droit pénal, [&hellip;]</p>

<!-- This site is optimized with the Yoast SEO plugin v27.3 - https://yoast.com/product/yoast-seo-wordpress/ -->
<title>Avocat Bordeaux l Etienne Grenier l Défense - Négociation - Rédaction</title>
<meta name="description" content="Avocat Bordeaux-Etienne Grenier-Défense auprès du tribunal civil, pénal, administratif- Rédaction d&#039;actes-Négociation entre deux parties-Tél. 05.56.92.36.84" />
<meta name="robots" content="index, follow, max-snippet:-1, max-image-preview:large, max-video-preview:-1" />
<link rel="canonical" href="https://www.etiennegrenier-avocat.fr/" />
<meta property="og:locale" content="fr_FR" />
<meta property="og:type" content="article" />
<meta property="og:title" content="Avocat Bordeaux l Etienne Grenier l Défense - Négociation - Rédaction" />
<meta property="og:description" content="Avocat Bordeaux-Etienne Grenier-Défense auprès du tribunal civil, pénal, administratif- Rédaction d&#039;actes-Négociation entre deux parties-Tél. 05.56.92.36.84" />
<meta property="og:url" content="https://www.etiennegrenier-avocat.fr/" />
<meta property="og:site_name" content="Etienne Grenier" />
<meta property="article:modified_time" content="2019-07-05T05:27:46+00:00" />
<meta property="og:image" content="http://www.etiennegrenier-avocat.fr/wp-content/uploads/2019/06/o-300x200.jpg" />
<meta name="twitter:card" content="summary_large_image" />
<meta name="twitter:label1" content="Durée de lecture est." />
	<meta name="twitter:data1" content="1 minute" />
<script type="application/ld+json" class="yoast-schema-graph">{"@context":"https:\/\/schema.org","@graph":[{"@type":"WebPage","@id":"https:\/\/www.etiennegrenier-avocat.fr\/","url":"https:\/\/www.etiennegrenier-avocat.fr\/","name":"Avocat Bordeaux l Etienne Grenier l Défense - Négociation - Rédaction","isPartOf":{"@id":"https:\/\/www.etiennegrenier-avocat.fr\/#website"},"primaryImageOfPage":{"@id":"https:\/\/www.etiennegrenier-avocat.fr\/#primaryimage"},"image":{"@id":"https:\/\/www.etiennegrenier-avocat.fr\/#primaryimage"},"thumbnailUrl":"http:\/\/www.etiennegrenier-avocat.fr\/wp-content\/uploads\/2019\/06\/o-300x200.jpg","datePublished":"2017-05-22T15:20:00+00:00","dateModified":"2019-07-05T05:27:46+00:00","description":"Avocat Bordeaux-Etienne Grenier-Défense auprès du tribunal civil, pénal, administratif- Rédaction d'actes-Négociation entre deux parties-Tél. 05.56.92.36.84","breadcrumb":{"@id":"https:\/\/www.etiennegrenier-avocat.fr\/#breadcrumb"},"inLanguage":"fr-BE","potentialAction":[{"@type":"ReadAction","target":["https:\/\/www.etiennegrenier-avocat.fr\/"]}]},{"@type":"ImageObject","inLanguage":"fr-BE","@id":"https:\/\/www.etiennegrenier-avocat.fr\/#primaryimage","url":"http:\/\/www.etiennegrenier-avocat.fr\/wp-content\/uploads\/2019\/06\/o-300x200.jpg","contentUrl":"http:\/\/www.etiennegrenier-avocat.fr\/wp-content\/uploads\/2019\/06\/o-300x200.jpg"},{"@type":"BreadcrumbList","@id":"https:\/\/www.etiennegrenier-avocat.fr\/#breadcrumb","itemListElement":[{"@type":"ListItem","position":1,"name":"Accueil","item":"https:\/\/www.etiennegrenier-avocat.fr\/"},{"@type":"ListItem","position":2,"name":"Accueil"}]},{"@type":"WebSite","@id":"https:\/\/www.etiennegrenier-avocat.fr\/#website","url":"https:\/\/www.etiennegrenier-avocat.fr\/","name":"Etienne Grenier","description":"Avocat à la Cour","potentialAction":[{"@type":"SearchAction","target":{"@type":"EntryPoint","urlTemplate":"https:\/\/www.etiennegrenier-avocat.fr\/?s={search_term_string}"},"query-input":{"@type":"PropertyValueSpecification","valueRequired":true,"valueName":"search_term_string"}}],"inLanguage":"fr-BE"}]}</script>
<!-- / Yoast SEO plugin. -->

Avocat Bordeaux l Etienne Grenier l Défense - Négociation - Rédaction

Avocat Bordeaux-Etienne Grenier-Défense auprès du tribunal civil, pénal, administratif- Rédaction d'actes-Négociation entre deux parties-Tél. 05.56.92.36.84

Avocat à la Cour
