{"id":214,"date":"2019-07-01T11:21:37","date_gmt":"2019-07-01T09:21:37","guid":{"rendered":"http:\/\/www.etiennegrenier-avocat.fr\/?page_id=214"},"modified":"2019-07-02T09:36:15","modified_gmt":"2019-07-02T07:36:15","slug":"indemnisation-des-victimes","status":"publish","type":"page","link":"https:\/\/www.etiennegrenier-avocat.fr\/index.php\/indemnisation-des-victimes\/","title":{"rendered":"Indemnisation des victimes"},"content":{"rendered":"\n<h2 class=\"wp-block-heading\">Indemnisation des victimes et r\u00e9paration des pr\u00e9judices : <\/h2>\n\n\n\n<ul class=\"wp-block-list\"><li><strong>Constitution Parties Civiles<\/strong> devant le Juge d&rsquo;Instruction ou suite \u00e0 la r\u00e9ception d&rsquo;un avis \u00e0 victime devant les juridictions p\u00e9nales.<\/li><\/ul>\n\n\n\n<ul class=\"wp-block-list\"><li><strong> R\u00e9daction et d\u00e9p\u00f4t de plainte<\/strong> devant le Procureur de la R\u00e9publique. <\/li><\/ul>\n\n\n\n<ul class=\"wp-block-list\"><li><strong>Demande de dommages et int\u00e9r\u00eats&nbsp;:<\/strong> pr\u00e9judices corporels, pr\u00e9judices mat\u00e9riels, pr\u00e9judices moraux.<\/li><\/ul>\n\n\n\n<ul class=\"wp-block-list\"><li><strong>Constitution de dossier de demande d&rsquo;indemnisation<\/strong> devant la C.I.V.I (Commission d&rsquo;Indemnisation des Victimes d&rsquo;Infraction) ou du fond de garantie S.A.R.V.I. (Service d&rsquo;Aide au Recouvrement des Victimes d&rsquo;Infractions).<\/li><\/ul>\n\n\n\n<ul class=\"wp-block-list\"><li><strong>Assistance<\/strong> lors d&rsquo;expertises judiciaires.<\/li><\/ul>\n\n\n\n<ul class=\"wp-block-list\"><li><strong>Assistance<\/strong> face aux compagnies d&rsquo;assurances.<\/li><\/ul>\n","protected":false},"excerpt":{"rendered":"<p>Indemnisation des victimes et r\u00e9paration des pr\u00e9judices : Constitution Parties Civiles devant le Juge d&rsquo;Instruction ou suite \u00e0 la r\u00e9ception d&rsquo;un avis \u00e0 victime devant les juridictions p\u00e9nales. R\u00e9daction et d\u00e9p\u00f4t de plainte devant le Procureur de la R\u00e9publique. Demande [&hellip;]<\/p>\n","protected":false},"author":1,"featured_media":242,"parent":0,"menu_order":0,"comment_status":"closed","ping_status":"closed","template":"page-templates\/page_fullwidth.php","meta":{"jetpack_post_was_ever_published":false,"footnotes":""},"class_list":["post-214","page","type-page","status-publish","has-post-thumbnail","hentry","clearfix"],"yoast_head":"<!-- This site is optimized with the Yoast SEO plugin v27.3 - https:\/\/yoast.com\/product\/yoast-seo-wordpress\/ -->\n<title>Indemnisation des victimes - Etienne Grenier<\/title>\n<meta name=\"robots\" content=\"index, follow, max-snippet:-1, max-image-preview:large, max-video-preview:-1\" \/>\n<link rel=\"canonical\" href=\"https:\/\/www.etiennegrenier-avocat.fr\/index.php\/indemnisation-des-victimes\/\" \/>\n<meta property=\"og:locale\" content=\"fr_FR\" \/>\n<meta property=\"og:type\" content=\"article\" \/>\n<meta property=\"og:title\" content=\"Indemnisation des victimes - Etienne Grenier\" \/>\n<meta property=\"og:description\" content=\"Indemnisation des victimes et r\u00e9paration des pr\u00e9judices : Constitution Parties Civiles devant le Juge d&rsquo;Instruction ou suite \u00e0 la r\u00e9ception d&rsquo;un avis \u00e0 victime devant les juridictions p\u00e9nales. R\u00e9daction et d\u00e9p\u00f4t de plainte devant le Procureur de la R\u00e9publique. Demande [&hellip;]\" \/>\n<meta property=\"og:url\" content=\"https:\/\/www.etiennegrenier-avocat.fr\/index.php\/indemnisation-des-victimes\/\" \/>\n<meta property=\"og:site_name\" content=\"Etienne Grenier\" \/>\n<meta property=\"article:modified_time\" content=\"2019-07-02T07:36:15+00:00\" \/>\n<meta property=\"og:image\" content=\"https:\/\/www.etiennegrenier-avocat.fr\/wp-content\/uploads\/2019\/07\/avocat-bordeaux-centre.jpg\" \/>\n\t<meta property=\"og:image:width\" content=\"1171\" \/>\n\t<meta property=\"og:image:height\" content=\"703\" \/>\n\t<meta property=\"og:image:type\" content=\"image\/jpeg\" \/>\n<meta name=\"twitter:card\" content=\"summary_large_image\" \/>\n<meta name=\"twitter:label1\" content=\"Dur\u00e9e de lecture est.\" \/>\n\t<meta name=\"twitter:data1\" content=\"1 minute\" \/>\n<script type=\"application\/ld+json\" class=\"yoast-schema-graph\">{\"@context\":\"https:\\\/\\\/schema.org\",\"@graph\":[{\"@type\":\"WebPage\",\"@id\":\"https:\\\/\\\/www.etiennegrenier-avocat.fr\\\/index.php\\\/indemnisation-des-victimes\\\/\",\"url\":\"https:\\\/\\\/www.etiennegrenier-avocat.fr\\\/index.php\\\/indemnisation-des-victimes\\\/\",\"name\":\"Indemnisation des victimes - Etienne Grenier\",\"isPartOf\":{\"@id\":\"https:\\\/\\\/www.etiennegrenier-avocat.fr\\\/#website\"},\"primaryImageOfPage\":{\"@id\":\"https:\\\/\\\/www.etiennegrenier-avocat.fr\\\/index.php\\\/indemnisation-des-victimes\\\/#primaryimage\"},\"image\":{\"@id\":\"https:\\\/\\\/www.etiennegrenier-avocat.fr\\\/index.php\\\/indemnisation-des-victimes\\\/#primaryimage\"},\"thumbnailUrl\":\"https:\\\/\\\/www.etiennegrenier-avocat.fr\\\/wp-content\\\/uploads\\\/2019\\\/07\\\/avocat-bordeaux-centre.jpg\",\"datePublished\":\"2019-07-01T09:21:37+00:00\",\"dateModified\":\"2019-07-02T07:36:15+00:00\",\"breadcrumb\":{\"@id\":\"https:\\\/\\\/www.etiennegrenier-avocat.fr\\\/index.php\\\/indemnisation-des-victimes\\\/#breadcrumb\"},\"inLanguage\":\"fr-BE\",\"potentialAction\":[{\"@type\":\"ReadAction\",\"target\":[\"https:\\\/\\\/www.etiennegrenier-avocat.fr\\\/index.php\\\/indemnisation-des-victimes\\\/\"]}]},{\"@type\":\"ImageObject\",\"inLanguage\":\"fr-BE\",\"@id\":\"https:\\\/\\\/www.etiennegrenier-avocat.fr\\\/index.php\\\/indemnisation-des-victimes\\\/#primaryimage\",\"url\":\"https:\\\/\\\/www.etiennegrenier-avocat.fr\\\/wp-content\\\/uploads\\\/2019\\\/07\\\/avocat-bordeaux-centre.jpg\",\"contentUrl\":\"https:\\\/\\\/www.etiennegrenier-avocat.fr\\\/wp-content\\\/uploads\\\/2019\\\/07\\\/avocat-bordeaux-centre.jpg\",\"width\":1171,\"height\":703},{\"@type\":\"BreadcrumbList\",\"@id\":\"https:\\\/\\\/www.etiennegrenier-avocat.fr\\\/index.php\\\/indemnisation-des-victimes\\\/#breadcrumb\",\"itemListElement\":[{\"@type\":\"ListItem\",\"position\":1,\"name\":\"Accueil\",\"item\":\"https:\\\/\\\/www.etiennegrenier-avocat.fr\\\/\"},{\"@type\":\"ListItem\",\"position\":2,\"name\":\"Indemnisation des victimes\"}]},{\"@type\":\"WebSite\",\"@id\":\"https:\\\/\\\/www.etiennegrenier-avocat.fr\\\/#website\",\"url\":\"https:\\\/\\\/www.etiennegrenier-avocat.fr\\\/\",\"name\":\"Etienne Grenier\",\"description\":\"Avocat \u00e0 la Cour\",\"potentialAction\":[{\"@type\":\"SearchAction\",\"target\":{\"@type\":\"EntryPoint\",\"urlTemplate\":\"https:\\\/\\\/www.etiennegrenier-avocat.fr\\\/?s={search_term_string}\"},\"query-input\":{\"@type\":\"PropertyValueSpecification\",\"valueRequired\":true,\"valueName\":\"search_term_string\"}}],\"inLanguage\":\"fr-BE\"}]}<\/script>\n<!-- \/ Yoast SEO plugin. -->","yoast_head_json":{"title":"Indemnisation des victimes - Etienne Grenier","robots":{"index":"index","follow":"follow","max-snippet":"max-snippet:-1","max-image-preview":"max-image-preview:large","max-video-preview":"max-video-preview:-1"},"canonical":"https:\/\/www.etiennegrenier-avocat.fr\/index.php\/indemnisation-des-victimes\/","og_locale":"fr_FR","og_type":"article","og_title":"Indemnisation des victimes - Etienne Grenier","og_description":"Indemnisation des victimes et r\u00e9paration des pr\u00e9judices : Constitution Parties Civiles devant le Juge d&rsquo;Instruction ou suite \u00e0 la r\u00e9ception d&rsquo;un avis \u00e0 victime devant les juridictions p\u00e9nales. R\u00e9daction et d\u00e9p\u00f4t de plainte devant le Procureur de la R\u00e9publique. Demande [&hellip;]","og_url":"https:\/\/www.etiennegrenier-avocat.fr\/index.php\/indemnisation-des-victimes\/","og_site_name":"Etienne Grenier","article_modified_time":"2019-07-02T07:36:15+00:00","og_image":[{"width":1171,"height":703,"url":"https:\/\/www.etiennegrenier-avocat.fr\/wp-content\/uploads\/2019\/07\/avocat-bordeaux-centre.jpg","type":"image\/jpeg"}],"twitter_card":"summary_large_image","twitter_misc":{"Dur\u00e9e de lecture est.":"1 minute"},"schema":{"@context":"https:\/\/schema.org","@graph":[{"@type":"WebPage","@id":"https:\/\/www.etiennegrenier-avocat.fr\/index.php\/indemnisation-des-victimes\/","url":"https:\/\/www.etiennegrenier-avocat.fr\/index.php\/indemnisation-des-victimes\/","name":"Indemnisation des victimes - Etienne Grenier","isPartOf":{"@id":"https:\/\/www.etiennegrenier-avocat.fr\/#website"},"primaryImageOfPage":{"@id":"https:\/\/www.etiennegrenier-avocat.fr\/index.php\/indemnisation-des-victimes\/#primaryimage"},"image":{"@id":"https:\/\/www.etiennegrenier-avocat.fr\/index.php\/indemnisation-des-victimes\/#primaryimage"},"thumbnailUrl":"https:\/\/www.etiennegrenier-avocat.fr\/wp-content\/uploads\/2019\/07\/avocat-bordeaux-centre.jpg","datePublished":"2019-07-01T09:21:37+00:00","dateModified":"2019-07-02T07:36:15+00:00","breadcrumb":{"@id":"https:\/\/www.etiennegrenier-avocat.fr\/index.php\/indemnisation-des-victimes\/#breadcrumb"},"inLanguage":"fr-BE","potentialAction":[{"@type":"ReadAction","target":["https:\/\/www.etiennegrenier-avocat.fr\/index.php\/indemnisation-des-victimes\/"]}]},{"@type":"ImageObject","inLanguage":"fr-BE","@id":"https:\/\/www.etiennegrenier-avocat.fr\/index.php\/indemnisation-des-victimes\/#primaryimage","url":"https:\/\/www.etiennegrenier-avocat.fr\/wp-content\/uploads\/2019\/07\/avocat-bordeaux-centre.jpg","contentUrl":"https:\/\/www.etiennegrenier-avocat.fr\/wp-content\/uploads\/2019\/07\/avocat-bordeaux-centre.jpg","width":1171,"height":703},{"@type":"BreadcrumbList","@id":"https:\/\/www.etiennegrenier-avocat.fr\/index.php\/indemnisation-des-victimes\/#breadcrumb","itemListElement":[{"@type":"ListItem","position":1,"name":"Accueil","item":"https:\/\/www.etiennegrenier-avocat.fr\/"},{"@type":"ListItem","position":2,"name":"Indemnisation des victimes"}]},{"@type":"WebSite","@id":"https:\/\/www.etiennegrenier-avocat.fr\/#website","url":"https:\/\/www.etiennegrenier-avocat.fr\/","name":"Etienne Grenier","description":"Avocat \u00e0 la Cour","potentialAction":[{"@type":"SearchAction","target":{"@type":"EntryPoint","urlTemplate":"https:\/\/www.etiennegrenier-avocat.fr\/?s={search_term_string}"},"query-input":{"@type":"PropertyValueSpecification","valueRequired":true,"valueName":"search_term_string"}}],"inLanguage":"fr-BE"}]}},"jetpack_sharing_enabled":true,"jetpack_shortlink":"https:\/\/wp.me\/P8LLNm-3s","_links":{"self":[{"href":"https:\/\/www.etiennegrenier-avocat.fr\/index.php\/wp-json\/wp\/v2\/pages\/214","targetHints":{"allow":["GET"]}}],"collection":[{"href":"https:\/\/www.etiennegrenier-avocat.fr\/index.php\/wp-json\/wp\/v2\/pages"}],"about":[{"href":"https:\/\/www.etiennegrenier-avocat.fr\/index.php\/wp-json\/wp\/v2\/types\/page"}],"author":[{"embeddable":true,"href":"https:\/\/www.etiennegrenier-avocat.fr\/index.php\/wp-json\/wp\/v2\/users\/1"}],"replies":[{"embeddable":true,"href":"https:\/\/www.etiennegrenier-avocat.fr\/index.php\/wp-json\/wp\/v2\/comments?post=214"}],"version-history":[{"count":4,"href":"https:\/\/www.etiennegrenier-avocat.fr\/index.php\/wp-json\/wp\/v2\/pages\/214\/revisions"}],"predecessor-version":[{"id":219,"href":"https:\/\/www.etiennegrenier-avocat.fr\/index.php\/wp-json\/wp\/v2\/pages\/214\/revisions\/219"}],"wp:featuredmedia":[{"embeddable":true,"href":"https:\/\/www.etiennegrenier-avocat.fr\/index.php\/wp-json\/wp\/v2\/media\/242"}],"wp:attachment":[{"href":"https:\/\/www.etiennegrenier-avocat.fr\/index.php\/wp-json\/wp\/v2\/media?parent=214"}],"curies":[{"name":"wp","href":"https:\/\/api.w.org\/{rel}","templated":true}]}}

<h2 class="wp-block-heading">Indemnisation des victimes et réparation des préjudices : </h2>



<ul class="wp-block-list"><li><strong>Constitution Parties Civiles</strong> devant le Juge d&rsquo;Instruction ou suite à la réception d&rsquo;un avis à victime devant les juridictions pénales.</li></ul>



<ul class="wp-block-list"><li><strong> Rédaction et dépôt de plainte</strong> devant le Procureur de la République. </li></ul>



<ul class="wp-block-list"><li><strong>Demande de dommages et intérêts&nbsp;:</strong> préjudices corporels, préjudices matériels, préjudices moraux.</li></ul>



<ul class="wp-block-list"><li><strong>Constitution de dossier de demande d&rsquo;indemnisation</strong> devant la C.I.V.I (Commission d&rsquo;Indemnisation des Victimes d&rsquo;Infraction) ou du fond de garantie S.A.R.V.I. (Service d&rsquo;Aide au Recouvrement des Victimes d&rsquo;Infractions).</li></ul>



<ul class="wp-block-list"><li><strong>Assistance</strong> lors d&rsquo;expertises judiciaires.</li></ul>



<ul class="wp-block-list"><li><strong>Assistance</strong> face aux compagnies d&rsquo;assurances.</li></ul>

<p>Indemnisation des victimes et réparation des préjudices : Constitution Parties Civiles devant le Juge d&rsquo;Instruction ou suite à la réception d&rsquo;un avis à victime devant les juridictions pénales. Rédaction et dépôt de plainte devant le Procureur de la République. Demande [&hellip;]</p>

<!-- This site is optimized with the Yoast SEO plugin v27.3 - https://yoast.com/product/yoast-seo-wordpress/ -->
<title>Indemnisation des victimes - Etienne Grenier</title>
<meta name="robots" content="index, follow, max-snippet:-1, max-image-preview:large, max-video-preview:-1" />
<link rel="canonical" href="https://www.etiennegrenier-avocat.fr/index.php/indemnisation-des-victimes/" />
<meta property="og:locale" content="fr_FR" />
<meta property="og:type" content="article" />
<meta property="og:title" content="Indemnisation des victimes - Etienne Grenier" />
<meta property="og:description" content="Indemnisation des victimes et réparation des préjudices : Constitution Parties Civiles devant le Juge d&rsquo;Instruction ou suite à la réception d&rsquo;un avis à victime devant les juridictions pénales. Rédaction et dépôt de plainte devant le Procureur de la République. Demande [&hellip;]" />
<meta property="og:url" content="https://www.etiennegrenier-avocat.fr/index.php/indemnisation-des-victimes/" />
<meta property="og:site_name" content="Etienne Grenier" />
<meta property="article:modified_time" content="2019-07-02T07:36:15+00:00" />
<meta property="og:image" content="https://www.etiennegrenier-avocat.fr/wp-content/uploads/2019/07/avocat-bordeaux-centre.jpg" />
	<meta property="og:image:width" content="1171" />
	<meta property="og:image:height" content="703" />
	<meta property="og:image:type" content="image/jpeg" />
<meta name="twitter:card" content="summary_large_image" />
<meta name="twitter:label1" content="Durée de lecture est." />
	<meta name="twitter:data1" content="1 minute" />
<script type="application/ld+json" class="yoast-schema-graph">{"@context":"https:\/\/schema.org","@graph":[{"@type":"WebPage","@id":"https:\/\/www.etiennegrenier-avocat.fr\/index.php\/indemnisation-des-victimes\/","url":"https:\/\/www.etiennegrenier-avocat.fr\/index.php\/indemnisation-des-victimes\/","name":"Indemnisation des victimes - Etienne Grenier","isPartOf":{"@id":"https:\/\/www.etiennegrenier-avocat.fr\/#website"},"primaryImageOfPage":{"@id":"https:\/\/www.etiennegrenier-avocat.fr\/index.php\/indemnisation-des-victimes\/#primaryimage"},"image":{"@id":"https:\/\/www.etiennegrenier-avocat.fr\/index.php\/indemnisation-des-victimes\/#primaryimage"},"thumbnailUrl":"https:\/\/www.etiennegrenier-avocat.fr\/wp-content\/uploads\/2019\/07\/avocat-bordeaux-centre.jpg","datePublished":"2019-07-01T09:21:37+00:00","dateModified":"2019-07-02T07:36:15+00:00","breadcrumb":{"@id":"https:\/\/www.etiennegrenier-avocat.fr\/index.php\/indemnisation-des-victimes\/#breadcrumb"},"inLanguage":"fr-BE","potentialAction":[{"@type":"ReadAction","target":["https:\/\/www.etiennegrenier-avocat.fr\/index.php\/indemnisation-des-victimes\/"]}]},{"@type":"ImageObject","inLanguage":"fr-BE","@id":"https:\/\/www.etiennegrenier-avocat.fr\/index.php\/indemnisation-des-victimes\/#primaryimage","url":"https:\/\/www.etiennegrenier-avocat.fr\/wp-content\/uploads\/2019\/07\/avocat-bordeaux-centre.jpg","contentUrl":"https:\/\/www.etiennegrenier-avocat.fr\/wp-content\/uploads\/2019\/07\/avocat-bordeaux-centre.jpg","width":1171,"height":703},{"@type":"BreadcrumbList","@id":"https:\/\/www.etiennegrenier-avocat.fr\/index.php\/indemnisation-des-victimes\/#breadcrumb","itemListElement":[{"@type":"ListItem","position":1,"name":"Accueil","item":"https:\/\/www.etiennegrenier-avocat.fr\/"},{"@type":"ListItem","position":2,"name":"Indemnisation des victimes"}]},{"@type":"WebSite","@id":"https:\/\/www.etiennegrenier-avocat.fr\/#website","url":"https:\/\/www.etiennegrenier-avocat.fr\/","name":"Etienne Grenier","description":"Avocat à la Cour","potentialAction":[{"@type":"SearchAction","target":{"@type":"EntryPoint","urlTemplate":"https:\/\/www.etiennegrenier-avocat.fr\/?s={search_term_string}"},"query-input":{"@type":"PropertyValueSpecification","valueRequired":true,"valueName":"search_term_string"}}],"inLanguage":"fr-BE"}]}</script>
<!-- / Yoast SEO plugin. -->

Indemnisation des victimes et réparation des préjudices : Constitution Parties Civiles devant le Juge d&rsquo;Instruction ou suite à la réception d&rsquo;un avis à victime devant les juridictions pénales. Rédaction et dépôt de plainte devant le Procureur de la République. Demande [&hellip;]

Avocat à la Cour
