{"id":225,"date":"2019-07-01T11:44:45","date_gmt":"2019-07-01T09:44:45","guid":{"rendered":"http:\/\/www.etiennegrenier-avocat.fr\/?page_id=225"},"modified":"2019-07-05T07:30:54","modified_gmt":"2019-07-05T05:30:54","slug":"droit-des-etrangers","status":"publish","type":"page","link":"https:\/\/www.etiennegrenier-avocat.fr\/index.php\/droit-des-etrangers\/","title":{"rendered":"Droit des \u00e9trangers"},"content":{"rendered":"\n<ul class=\"wp-block-list\"><li><strong>Dossier de demande de titre de s\u00e9jour<\/strong> en Pr\u00e9fecture (\u00ab\u00a0vie priv\u00e9e et vie familiale\u00a0\u00bb, \u00ab\u00a0\u00e9tudiant\u00a0\u00bb, \u00ab\u00a0\u00e9tranger malade\u00a0\u00bb, \u00ab\u00a0conjoint(e) de fran\u00e7ais(e)\u00a0\u00bb,&#8230;<\/li><\/ul>\n\n\n\n<ul class=\"wp-block-list\"><li>Dossier de demande de<strong> carte de r\u00e9sident.<\/strong><\/li><\/ul>\n\n\n\n<ul class=\"wp-block-list\"><li>Dossier de <strong>naturalisation.<\/strong><\/li><\/ul>\n\n\n\n<ul class=\"wp-block-list\"><li><strong>Contentieux<\/strong> de la nationalit\u00e9 fran\u00e7aise.<\/li><\/ul>\n\n\n\n<ul class=\"wp-block-list\"><li><strong>Recours<\/strong> contre les d\u00e9cisions de refus de visas.<\/li><\/ul>\n\n\n\n<ul class=\"wp-block-list\"><li><strong>Contentieux<\/strong> de la r\u00e9tention administrative.<\/li><\/ul>\n\n\n\n<ul class=\"wp-block-list\"><li><strong>Saisine du Tribunal Administratif<\/strong> aux fins d&rsquo;annulation des d\u00e9cisions d&rsquo;O.Q.T.F. (Obligation de Quitter le Territoire Fran\u00e7ais)<\/li><\/ul>\n\n\n\n<ul class=\"wp-block-list\"><li><strong>Contestation<\/strong> des mesures d&rsquo;interdiction du territoire fran\u00e7ais.<\/li><\/ul>\n\n\n\n<ul class=\"wp-block-list\"><li><strong>Proc\u00e9dure<\/strong> de regroupement familial.<\/li><\/ul>\n","protected":false},"excerpt":{"rendered":"<p>Dossier de demande de titre de s\u00e9jour en Pr\u00e9fecture (\u00ab\u00a0vie priv\u00e9e et vie familiale\u00a0\u00bb, \u00ab\u00a0\u00e9tudiant\u00a0\u00bb, \u00ab\u00a0\u00e9tranger malade\u00a0\u00bb, \u00ab\u00a0conjoint(e) de fran\u00e7ais(e)\u00a0\u00bb,&#8230; Dossier de demande de carte de r\u00e9sident. Dossier de naturalisation. Contentieux de la nationalit\u00e9 fran\u00e7aise. Recours contre les d\u00e9cisions de [&hellip;]<\/p>\n","protected":false},"author":1,"featured_media":244,"parent":0,"menu_order":0,"comment_status":"closed","ping_status":"closed","template":"page-templates\/page_fullwidth.php","meta":{"jetpack_post_was_ever_published":false,"footnotes":""},"class_list":["post-225","page","type-page","status-publish","has-post-thumbnail","hentry","clearfix"],"yoast_head":"<!-- This site is optimized with the Yoast SEO plugin v27.3 - https:\/\/yoast.com\/product\/yoast-seo-wordpress\/ -->\n<title>Droit des \u00e9trangers - Etienne Grenier<\/title>\n<meta name=\"robots\" content=\"index, follow, max-snippet:-1, max-image-preview:large, max-video-preview:-1\" \/>\n<link rel=\"canonical\" href=\"https:\/\/www.etiennegrenier-avocat.fr\/index.php\/droit-des-etrangers\/\" \/>\n<meta property=\"og:locale\" content=\"fr_FR\" \/>\n<meta property=\"og:type\" content=\"article\" \/>\n<meta property=\"og:title\" content=\"Droit des \u00e9trangers - Etienne Grenier\" \/>\n<meta property=\"og:description\" content=\"Dossier de demande de titre de s\u00e9jour en Pr\u00e9fecture (\u00ab\u00a0vie priv\u00e9e et vie familiale\u00a0\u00bb, \u00ab\u00a0\u00e9tudiant\u00a0\u00bb, \u00ab\u00a0\u00e9tranger malade\u00a0\u00bb, \u00ab\u00a0conjoint(e) de fran\u00e7ais(e)\u00a0\u00bb,&#8230; Dossier de demande de carte de r\u00e9sident. Dossier de naturalisation. Contentieux de la nationalit\u00e9 fran\u00e7aise. Recours contre les d\u00e9cisions de [&hellip;]\" \/>\n<meta property=\"og:url\" content=\"https:\/\/www.etiennegrenier-avocat.fr\/index.php\/droit-des-etrangers\/\" \/>\n<meta property=\"og:site_name\" content=\"Etienne Grenier\" \/>\n<meta property=\"article:modified_time\" content=\"2019-07-05T05:30:54+00:00\" \/>\n<meta property=\"og:image\" content=\"https:\/\/www.etiennegrenier-avocat.fr\/wp-content\/uploads\/2019\/07\/droits-etrangers.jpg\" \/>\n\t<meta property=\"og:image:width\" content=\"1171\" \/>\n\t<meta property=\"og:image:height\" content=\"703\" \/>\n\t<meta property=\"og:image:type\" content=\"image\/jpeg\" \/>\n<meta name=\"twitter:card\" content=\"summary_large_image\" \/>\n<script type=\"application\/ld+json\" class=\"yoast-schema-graph\">{\"@context\":\"https:\\\/\\\/schema.org\",\"@graph\":[{\"@type\":\"WebPage\",\"@id\":\"https:\\\/\\\/www.etiennegrenier-avocat.fr\\\/index.php\\\/droit-des-etrangers\\\/\",\"url\":\"https:\\\/\\\/www.etiennegrenier-avocat.fr\\\/index.php\\\/droit-des-etrangers\\\/\",\"name\":\"Droit des \u00e9trangers - Etienne Grenier\",\"isPartOf\":{\"@id\":\"https:\\\/\\\/www.etiennegrenier-avocat.fr\\\/#website\"},\"primaryImageOfPage\":{\"@id\":\"https:\\\/\\\/www.etiennegrenier-avocat.fr\\\/index.php\\\/droit-des-etrangers\\\/#primaryimage\"},\"image\":{\"@id\":\"https:\\\/\\\/www.etiennegrenier-avocat.fr\\\/index.php\\\/droit-des-etrangers\\\/#primaryimage\"},\"thumbnailUrl\":\"https:\\\/\\\/www.etiennegrenier-avocat.fr\\\/wp-content\\\/uploads\\\/2019\\\/07\\\/droits-etrangers.jpg\",\"datePublished\":\"2019-07-01T09:44:45+00:00\",\"dateModified\":\"2019-07-05T05:30:54+00:00\",\"breadcrumb\":{\"@id\":\"https:\\\/\\\/www.etiennegrenier-avocat.fr\\\/index.php\\\/droit-des-etrangers\\\/#breadcrumb\"},\"inLanguage\":\"fr-BE\",\"potentialAction\":[{\"@type\":\"ReadAction\",\"target\":[\"https:\\\/\\\/www.etiennegrenier-avocat.fr\\\/index.php\\\/droit-des-etrangers\\\/\"]}]},{\"@type\":\"ImageObject\",\"inLanguage\":\"fr-BE\",\"@id\":\"https:\\\/\\\/www.etiennegrenier-avocat.fr\\\/index.php\\\/droit-des-etrangers\\\/#primaryimage\",\"url\":\"https:\\\/\\\/www.etiennegrenier-avocat.fr\\\/wp-content\\\/uploads\\\/2019\\\/07\\\/droits-etrangers.jpg\",\"contentUrl\":\"https:\\\/\\\/www.etiennegrenier-avocat.fr\\\/wp-content\\\/uploads\\\/2019\\\/07\\\/droits-etrangers.jpg\",\"width\":1171,\"height\":703},{\"@type\":\"BreadcrumbList\",\"@id\":\"https:\\\/\\\/www.etiennegrenier-avocat.fr\\\/index.php\\\/droit-des-etrangers\\\/#breadcrumb\",\"itemListElement\":[{\"@type\":\"ListItem\",\"position\":1,\"name\":\"Accueil\",\"item\":\"https:\\\/\\\/www.etiennegrenier-avocat.fr\\\/\"},{\"@type\":\"ListItem\",\"position\":2,\"name\":\"Droit des \u00e9trangers\"}]},{\"@type\":\"WebSite\",\"@id\":\"https:\\\/\\\/www.etiennegrenier-avocat.fr\\\/#website\",\"url\":\"https:\\\/\\\/www.etiennegrenier-avocat.fr\\\/\",\"name\":\"Etienne Grenier\",\"description\":\"Avocat \u00e0 la Cour\",\"potentialAction\":[{\"@type\":\"SearchAction\",\"target\":{\"@type\":\"EntryPoint\",\"urlTemplate\":\"https:\\\/\\\/www.etiennegrenier-avocat.fr\\\/?s={search_term_string}\"},\"query-input\":{\"@type\":\"PropertyValueSpecification\",\"valueRequired\":true,\"valueName\":\"search_term_string\"}}],\"inLanguage\":\"fr-BE\"}]}<\/script>\n<!-- \/ Yoast SEO plugin. -->","yoast_head_json":{"title":"Droit des \u00e9trangers - Etienne Grenier","robots":{"index":"index","follow":"follow","max-snippet":"max-snippet:-1","max-image-preview":"max-image-preview:large","max-video-preview":"max-video-preview:-1"},"canonical":"https:\/\/www.etiennegrenier-avocat.fr\/index.php\/droit-des-etrangers\/","og_locale":"fr_FR","og_type":"article","og_title":"Droit des \u00e9trangers - Etienne Grenier","og_description":"Dossier de demande de titre de s\u00e9jour en Pr\u00e9fecture (\u00ab\u00a0vie priv\u00e9e et vie familiale\u00a0\u00bb, \u00ab\u00a0\u00e9tudiant\u00a0\u00bb, \u00ab\u00a0\u00e9tranger malade\u00a0\u00bb, \u00ab\u00a0conjoint(e) de fran\u00e7ais(e)\u00a0\u00bb,&#8230; Dossier de demande de carte de r\u00e9sident. Dossier de naturalisation. Contentieux de la nationalit\u00e9 fran\u00e7aise. Recours contre les d\u00e9cisions de [&hellip;]","og_url":"https:\/\/www.etiennegrenier-avocat.fr\/index.php\/droit-des-etrangers\/","og_site_name":"Etienne Grenier","article_modified_time":"2019-07-05T05:30:54+00:00","og_image":[{"width":1171,"height":703,"url":"https:\/\/www.etiennegrenier-avocat.fr\/wp-content\/uploads\/2019\/07\/droits-etrangers.jpg","type":"image\/jpeg"}],"twitter_card":"summary_large_image","schema":{"@context":"https:\/\/schema.org","@graph":[{"@type":"WebPage","@id":"https:\/\/www.etiennegrenier-avocat.fr\/index.php\/droit-des-etrangers\/","url":"https:\/\/www.etiennegrenier-avocat.fr\/index.php\/droit-des-etrangers\/","name":"Droit des \u00e9trangers - Etienne Grenier","isPartOf":{"@id":"https:\/\/www.etiennegrenier-avocat.fr\/#website"},"primaryImageOfPage":{"@id":"https:\/\/www.etiennegrenier-avocat.fr\/index.php\/droit-des-etrangers\/#primaryimage"},"image":{"@id":"https:\/\/www.etiennegrenier-avocat.fr\/index.php\/droit-des-etrangers\/#primaryimage"},"thumbnailUrl":"https:\/\/www.etiennegrenier-avocat.fr\/wp-content\/uploads\/2019\/07\/droits-etrangers.jpg","datePublished":"2019-07-01T09:44:45+00:00","dateModified":"2019-07-05T05:30:54+00:00","breadcrumb":{"@id":"https:\/\/www.etiennegrenier-avocat.fr\/index.php\/droit-des-etrangers\/#breadcrumb"},"inLanguage":"fr-BE","potentialAction":[{"@type":"ReadAction","target":["https:\/\/www.etiennegrenier-avocat.fr\/index.php\/droit-des-etrangers\/"]}]},{"@type":"ImageObject","inLanguage":"fr-BE","@id":"https:\/\/www.etiennegrenier-avocat.fr\/index.php\/droit-des-etrangers\/#primaryimage","url":"https:\/\/www.etiennegrenier-avocat.fr\/wp-content\/uploads\/2019\/07\/droits-etrangers.jpg","contentUrl":"https:\/\/www.etiennegrenier-avocat.fr\/wp-content\/uploads\/2019\/07\/droits-etrangers.jpg","width":1171,"height":703},{"@type":"BreadcrumbList","@id":"https:\/\/www.etiennegrenier-avocat.fr\/index.php\/droit-des-etrangers\/#breadcrumb","itemListElement":[{"@type":"ListItem","position":1,"name":"Accueil","item":"https:\/\/www.etiennegrenier-avocat.fr\/"},{"@type":"ListItem","position":2,"name":"Droit des \u00e9trangers"}]},{"@type":"WebSite","@id":"https:\/\/www.etiennegrenier-avocat.fr\/#website","url":"https:\/\/www.etiennegrenier-avocat.fr\/","name":"Etienne Grenier","description":"Avocat \u00e0 la Cour","potentialAction":[{"@type":"SearchAction","target":{"@type":"EntryPoint","urlTemplate":"https:\/\/www.etiennegrenier-avocat.fr\/?s={search_term_string}"},"query-input":{"@type":"PropertyValueSpecification","valueRequired":true,"valueName":"search_term_string"}}],"inLanguage":"fr-BE"}]}},"jetpack_sharing_enabled":true,"jetpack_shortlink":"https:\/\/wp.me\/P8LLNm-3D","_links":{"self":[{"href":"https:\/\/www.etiennegrenier-avocat.fr\/index.php\/wp-json\/wp\/v2\/pages\/225","targetHints":{"allow":["GET"]}}],"collection":[{"href":"https:\/\/www.etiennegrenier-avocat.fr\/index.php\/wp-json\/wp\/v2\/pages"}],"about":[{"href":"https:\/\/www.etiennegrenier-avocat.fr\/index.php\/wp-json\/wp\/v2\/types\/page"}],"author":[{"embeddable":true,"href":"https:\/\/www.etiennegrenier-avocat.fr\/index.php\/wp-json\/wp\/v2\/users\/1"}],"replies":[{"embeddable":true,"href":"https:\/\/www.etiennegrenier-avocat.fr\/index.php\/wp-json\/wp\/v2\/comments?post=225"}],"version-history":[{"count":5,"href":"https:\/\/www.etiennegrenier-avocat.fr\/index.php\/wp-json\/wp\/v2\/pages\/225\/revisions"}],"predecessor-version":[{"id":252,"href":"https:\/\/www.etiennegrenier-avocat.fr\/index.php\/wp-json\/wp\/v2\/pages\/225\/revisions\/252"}],"wp:featuredmedia":[{"embeddable":true,"href":"https:\/\/www.etiennegrenier-avocat.fr\/index.php\/wp-json\/wp\/v2\/media\/244"}],"wp:attachment":[{"href":"https:\/\/www.etiennegrenier-avocat.fr\/index.php\/wp-json\/wp\/v2\/media?parent=225"}],"curies":[{"name":"wp","href":"https:\/\/api.w.org\/{rel}","templated":true}]}}

Droit des étrangers

<ul class="wp-block-list"><li><strong>Dossier de demande de titre de séjour</strong> en Préfecture (« vie privée et vie familiale », « étudiant », « étranger malade », « conjoint(e) de français(e) »,&#8230;</li></ul>



<ul class="wp-block-list"><li>Dossier de demande de<strong> carte de résident.</strong></li></ul>



<ul class="wp-block-list"><li>Dossier de <strong>naturalisation.</strong></li></ul>



<ul class="wp-block-list"><li><strong>Contentieux</strong> de la nationalité française.</li></ul>



<ul class="wp-block-list"><li><strong>Recours</strong> contre les décisions de refus de visas.</li></ul>



<ul class="wp-block-list"><li><strong>Contentieux</strong> de la rétention administrative.</li></ul>



<ul class="wp-block-list"><li><strong>Saisine du Tribunal Administratif</strong> aux fins d&rsquo;annulation des décisions d&rsquo;O.Q.T.F. (Obligation de Quitter le Territoire Français)</li></ul>



<ul class="wp-block-list"><li><strong>Contestation</strong> des mesures d&rsquo;interdiction du territoire français.</li></ul>



<ul class="wp-block-list"><li><strong>Procédure</strong> de regroupement familial.</li></ul>

<p>Dossier de demande de titre de séjour en Préfecture (« vie privée et vie familiale », « étudiant », « étranger malade », « conjoint(e) de français(e) »,&#8230; Dossier de demande de carte de résident. Dossier de naturalisation. Contentieux de la nationalité française. Recours contre les décisions de [&hellip;]</p>

<!-- This site is optimized with the Yoast SEO plugin v27.3 - https://yoast.com/product/yoast-seo-wordpress/ -->
<title>Droit des étrangers - Etienne Grenier</title>
<meta name="robots" content="index, follow, max-snippet:-1, max-image-preview:large, max-video-preview:-1" />
<link rel="canonical" href="https://www.etiennegrenier-avocat.fr/index.php/droit-des-etrangers/" />
<meta property="og:locale" content="fr_FR" />
<meta property="og:type" content="article" />
<meta property="og:title" content="Droit des étrangers - Etienne Grenier" />
<meta property="og:description" content="Dossier de demande de titre de séjour en Préfecture (« vie privée et vie familiale », « étudiant », « étranger malade », « conjoint(e) de français(e) »,&#8230; Dossier de demande de carte de résident. Dossier de naturalisation. Contentieux de la nationalité française. Recours contre les décisions de [&hellip;]" />
<meta property="og:url" content="https://www.etiennegrenier-avocat.fr/index.php/droit-des-etrangers/" />
<meta property="og:site_name" content="Etienne Grenier" />
<meta property="article:modified_time" content="2019-07-05T05:30:54+00:00" />
<meta property="og:image" content="https://www.etiennegrenier-avocat.fr/wp-content/uploads/2019/07/droits-etrangers.jpg" />
	<meta property="og:image:width" content="1171" />
	<meta property="og:image:height" content="703" />
	<meta property="og:image:type" content="image/jpeg" />
<meta name="twitter:card" content="summary_large_image" />
<script type="application/ld+json" class="yoast-schema-graph">{"@context":"https:\/\/schema.org","@graph":[{"@type":"WebPage","@id":"https:\/\/www.etiennegrenier-avocat.fr\/index.php\/droit-des-etrangers\/","url":"https:\/\/www.etiennegrenier-avocat.fr\/index.php\/droit-des-etrangers\/","name":"Droit des étrangers - Etienne Grenier","isPartOf":{"@id":"https:\/\/www.etiennegrenier-avocat.fr\/#website"},"primaryImageOfPage":{"@id":"https:\/\/www.etiennegrenier-avocat.fr\/index.php\/droit-des-etrangers\/#primaryimage"},"image":{"@id":"https:\/\/www.etiennegrenier-avocat.fr\/index.php\/droit-des-etrangers\/#primaryimage"},"thumbnailUrl":"https:\/\/www.etiennegrenier-avocat.fr\/wp-content\/uploads\/2019\/07\/droits-etrangers.jpg","datePublished":"2019-07-01T09:44:45+00:00","dateModified":"2019-07-05T05:30:54+00:00","breadcrumb":{"@id":"https:\/\/www.etiennegrenier-avocat.fr\/index.php\/droit-des-etrangers\/#breadcrumb"},"inLanguage":"fr-BE","potentialAction":[{"@type":"ReadAction","target":["https:\/\/www.etiennegrenier-avocat.fr\/index.php\/droit-des-etrangers\/"]}]},{"@type":"ImageObject","inLanguage":"fr-BE","@id":"https:\/\/www.etiennegrenier-avocat.fr\/index.php\/droit-des-etrangers\/#primaryimage","url":"https:\/\/www.etiennegrenier-avocat.fr\/wp-content\/uploads\/2019\/07\/droits-etrangers.jpg","contentUrl":"https:\/\/www.etiennegrenier-avocat.fr\/wp-content\/uploads\/2019\/07\/droits-etrangers.jpg","width":1171,"height":703},{"@type":"BreadcrumbList","@id":"https:\/\/www.etiennegrenier-avocat.fr\/index.php\/droit-des-etrangers\/#breadcrumb","itemListElement":[{"@type":"ListItem","position":1,"name":"Accueil","item":"https:\/\/www.etiennegrenier-avocat.fr\/"},{"@type":"ListItem","position":2,"name":"Droit des étrangers"}]},{"@type":"WebSite","@id":"https:\/\/www.etiennegrenier-avocat.fr\/#website","url":"https:\/\/www.etiennegrenier-avocat.fr\/","name":"Etienne Grenier","description":"Avocat à la Cour","potentialAction":[{"@type":"SearchAction","target":{"@type":"EntryPoint","urlTemplate":"https:\/\/www.etiennegrenier-avocat.fr\/?s={search_term_string}"},"query-input":{"@type":"PropertyValueSpecification","valueRequired":true,"valueName":"search_term_string"}}],"inLanguage":"fr-BE"}]}</script>
<!-- / Yoast SEO plugin. -->

Droit des étrangers - Etienne Grenier

Dossier de demande de titre de séjour en Préfecture (« vie privée et vie familiale », « étudiant », « étranger malade », « conjoint(e) de français(e) »,&#8230; Dossier de demande de carte de résident. Dossier de naturalisation. Contentieux de la nationalité française. Recours contre les décisions de [&hellip;]

Avocat à la Cour
