{"id":228,"date":"2019-07-01T11:50:22","date_gmt":"2019-07-01T09:50:22","guid":{"rendered":"http:\/\/www.etiennegrenier-avocat.fr\/?page_id=228"},"modified":"2019-07-05T07:33:09","modified_gmt":"2019-07-05T05:33:09","slug":"droit-de-la-familles","status":"publish","type":"page","link":"https:\/\/www.etiennegrenier-avocat.fr\/index.php\/droit-de-la-familles\/","title":{"rendered":"Droit de la famille"},"content":{"rendered":"\n<h2 class=\"wp-block-heading\">Droit de la famille\net des personnes<\/h2>\n\n\n\n<ul class=\"wp-block-list\"><li><strong>Proc\u00e9dures de divorce\u00a0:<\/strong> amiable (consentement mutuel) ou contentieuse.<\/li><\/ul>\n\n\n\n<ul class=\"wp-block-list\"><li><strong>Saisine du Juge aux Affaires Familiales<\/strong> aux fins d&rsquo;obtention d&rsquo;une ordonnance de protection.<\/li><\/ul>\n\n\n\n<ul class=\"wp-block-list\"><li><strong>Demande d&rsquo;obtention<\/strong> ou de modification du montant de la <strong>pension alimentaire<\/strong> devant le Juge aux Affaires Familiales.<\/li><\/ul>\n\n\n\n<ul class=\"wp-block-list\"><li><strong>Demande d&rsquo;obtention<\/strong> ou de modification d&rsquo;un <strong>droit de visite<\/strong> ou d&rsquo;h\u00e9bergement.<\/li><\/ul>\n\n\n\n<ul class=\"wp-block-list\"><li><strong>Contentieux<\/strong> li\u00e9s \u00e0 l&rsquo;autorit\u00e9 parentale.<\/li><\/ul>\n\n\n\n<ul class=\"wp-block-list\"><li><strong>S\u00e9paration de corps<\/strong>.<\/li><\/ul>\n\n\n\n<ul class=\"wp-block-list\"><li><strong>Liquidation de r\u00e9gimes matrimoniaux<\/strong>.<\/li><\/ul>\n\n\n\n<ul class=\"wp-block-list\"><li><strong>Adoption<\/strong> simple ou pl\u00e9ni\u00e8re.<\/li><\/ul>\n\n\n\n<ul class=\"wp-block-list\"><li><strong>Proc\u00e9dures diverses<\/strong> en cas de non-paiement de la pension alimentaire ou de non-respect d&rsquo;un droit de visite ou d&rsquo;h\u00e9bergement.<\/li><\/ul>\n","protected":false},"excerpt":{"rendered":"<p>Droit de la famille et des personnes Proc\u00e9dures de divorce\u00a0: amiable (consentement mutuel) ou contentieuse. Saisine du Juge aux Affaires Familiales aux fins d&rsquo;obtention d&rsquo;une ordonnance de protection. Demande d&rsquo;obtention ou de modification du montant de la pension alimentaire devant [&hellip;]<\/p>\n","protected":false},"author":1,"featured_media":245,"parent":0,"menu_order":0,"comment_status":"closed","ping_status":"closed","template":"page-templates\/page_fullwidth.php","meta":{"jetpack_post_was_ever_published":false,"footnotes":""},"class_list":["post-228","page","type-page","status-publish","has-post-thumbnail","hentry","clearfix"],"yoast_head":"<!-- This site is optimized with the Yoast SEO plugin v27.3 - https:\/\/yoast.com\/product\/yoast-seo-wordpress\/ -->\n<title>Droit de la famille - Etienne Grenier<\/title>\n<meta name=\"robots\" content=\"index, follow, max-snippet:-1, max-image-preview:large, max-video-preview:-1\" \/>\n<link rel=\"canonical\" href=\"https:\/\/www.etiennegrenier-avocat.fr\/index.php\/droit-de-la-familles\/\" \/>\n<meta property=\"og:locale\" content=\"fr_FR\" \/>\n<meta property=\"og:type\" content=\"article\" \/>\n<meta property=\"og:title\" content=\"Droit de la famille - Etienne Grenier\" \/>\n<meta property=\"og:description\" content=\"Droit de la famille et des personnes Proc\u00e9dures de divorce\u00a0: amiable (consentement mutuel) ou contentieuse. Saisine du Juge aux Affaires Familiales aux fins d&rsquo;obtention d&rsquo;une ordonnance de protection. Demande d&rsquo;obtention ou de modification du montant de la pension alimentaire devant [&hellip;]\" \/>\n<meta property=\"og:url\" content=\"https:\/\/www.etiennegrenier-avocat.fr\/index.php\/droit-de-la-familles\/\" \/>\n<meta property=\"og:site_name\" content=\"Etienne Grenier\" \/>\n<meta property=\"article:modified_time\" content=\"2019-07-05T05:33:09+00:00\" \/>\n<meta property=\"og:image\" content=\"https:\/\/www.etiennegrenier-avocat.fr\/wp-content\/uploads\/2019\/07\/droits-de-la-famille.jpg\" \/>\n\t<meta property=\"og:image:width\" content=\"1171\" \/>\n\t<meta property=\"og:image:height\" content=\"703\" \/>\n\t<meta property=\"og:image:type\" content=\"image\/jpeg\" \/>\n<meta name=\"twitter:card\" content=\"summary_large_image\" \/>\n<script type=\"application\/ld+json\" class=\"yoast-schema-graph\">{\"@context\":\"https:\\\/\\\/schema.org\",\"@graph\":[{\"@type\":\"WebPage\",\"@id\":\"https:\\\/\\\/www.etiennegrenier-avocat.fr\\\/index.php\\\/droit-de-la-familles\\\/\",\"url\":\"https:\\\/\\\/www.etiennegrenier-avocat.fr\\\/index.php\\\/droit-de-la-familles\\\/\",\"name\":\"Droit de la famille - Etienne Grenier\",\"isPartOf\":{\"@id\":\"https:\\\/\\\/www.etiennegrenier-avocat.fr\\\/#website\"},\"primaryImageOfPage\":{\"@id\":\"https:\\\/\\\/www.etiennegrenier-avocat.fr\\\/index.php\\\/droit-de-la-familles\\\/#primaryimage\"},\"image\":{\"@id\":\"https:\\\/\\\/www.etiennegrenier-avocat.fr\\\/index.php\\\/droit-de-la-familles\\\/#primaryimage\"},\"thumbnailUrl\":\"https:\\\/\\\/www.etiennegrenier-avocat.fr\\\/wp-content\\\/uploads\\\/2019\\\/07\\\/droits-de-la-famille.jpg\",\"datePublished\":\"2019-07-01T09:50:22+00:00\",\"dateModified\":\"2019-07-05T05:33:09+00:00\",\"breadcrumb\":{\"@id\":\"https:\\\/\\\/www.etiennegrenier-avocat.fr\\\/index.php\\\/droit-de-la-familles\\\/#breadcrumb\"},\"inLanguage\":\"fr-BE\",\"potentialAction\":[{\"@type\":\"ReadAction\",\"target\":[\"https:\\\/\\\/www.etiennegrenier-avocat.fr\\\/index.php\\\/droit-de-la-familles\\\/\"]}]},{\"@type\":\"ImageObject\",\"inLanguage\":\"fr-BE\",\"@id\":\"https:\\\/\\\/www.etiennegrenier-avocat.fr\\\/index.php\\\/droit-de-la-familles\\\/#primaryimage\",\"url\":\"https:\\\/\\\/www.etiennegrenier-avocat.fr\\\/wp-content\\\/uploads\\\/2019\\\/07\\\/droits-de-la-famille.jpg\",\"contentUrl\":\"https:\\\/\\\/www.etiennegrenier-avocat.fr\\\/wp-content\\\/uploads\\\/2019\\\/07\\\/droits-de-la-famille.jpg\",\"width\":1171,\"height\":703},{\"@type\":\"BreadcrumbList\",\"@id\":\"https:\\\/\\\/www.etiennegrenier-avocat.fr\\\/index.php\\\/droit-de-la-familles\\\/#breadcrumb\",\"itemListElement\":[{\"@type\":\"ListItem\",\"position\":1,\"name\":\"Accueil\",\"item\":\"https:\\\/\\\/www.etiennegrenier-avocat.fr\\\/\"},{\"@type\":\"ListItem\",\"position\":2,\"name\":\"Droit de la famille\"}]},{\"@type\":\"WebSite\",\"@id\":\"https:\\\/\\\/www.etiennegrenier-avocat.fr\\\/#website\",\"url\":\"https:\\\/\\\/www.etiennegrenier-avocat.fr\\\/\",\"name\":\"Etienne Grenier\",\"description\":\"Avocat \u00e0 la Cour\",\"potentialAction\":[{\"@type\":\"SearchAction\",\"target\":{\"@type\":\"EntryPoint\",\"urlTemplate\":\"https:\\\/\\\/www.etiennegrenier-avocat.fr\\\/?s={search_term_string}\"},\"query-input\":{\"@type\":\"PropertyValueSpecification\",\"valueRequired\":true,\"valueName\":\"search_term_string\"}}],\"inLanguage\":\"fr-BE\"}]}<\/script>\n<!-- \/ Yoast SEO plugin. -->","yoast_head_json":{"title":"Droit de la famille - Etienne Grenier","robots":{"index":"index","follow":"follow","max-snippet":"max-snippet:-1","max-image-preview":"max-image-preview:large","max-video-preview":"max-video-preview:-1"},"canonical":"https:\/\/www.etiennegrenier-avocat.fr\/index.php\/droit-de-la-familles\/","og_locale":"fr_FR","og_type":"article","og_title":"Droit de la famille - Etienne Grenier","og_description":"Droit de la famille et des personnes Proc\u00e9dures de divorce\u00a0: amiable (consentement mutuel) ou contentieuse. Saisine du Juge aux Affaires Familiales aux fins d&rsquo;obtention d&rsquo;une ordonnance de protection. Demande d&rsquo;obtention ou de modification du montant de la pension alimentaire devant [&hellip;]","og_url":"https:\/\/www.etiennegrenier-avocat.fr\/index.php\/droit-de-la-familles\/","og_site_name":"Etienne Grenier","article_modified_time":"2019-07-05T05:33:09+00:00","og_image":[{"width":1171,"height":703,"url":"https:\/\/www.etiennegrenier-avocat.fr\/wp-content\/uploads\/2019\/07\/droits-de-la-famille.jpg","type":"image\/jpeg"}],"twitter_card":"summary_large_image","schema":{"@context":"https:\/\/schema.org","@graph":[{"@type":"WebPage","@id":"https:\/\/www.etiennegrenier-avocat.fr\/index.php\/droit-de-la-familles\/","url":"https:\/\/www.etiennegrenier-avocat.fr\/index.php\/droit-de-la-familles\/","name":"Droit de la famille - Etienne Grenier","isPartOf":{"@id":"https:\/\/www.etiennegrenier-avocat.fr\/#website"},"primaryImageOfPage":{"@id":"https:\/\/www.etiennegrenier-avocat.fr\/index.php\/droit-de-la-familles\/#primaryimage"},"image":{"@id":"https:\/\/www.etiennegrenier-avocat.fr\/index.php\/droit-de-la-familles\/#primaryimage"},"thumbnailUrl":"https:\/\/www.etiennegrenier-avocat.fr\/wp-content\/uploads\/2019\/07\/droits-de-la-famille.jpg","datePublished":"2019-07-01T09:50:22+00:00","dateModified":"2019-07-05T05:33:09+00:00","breadcrumb":{"@id":"https:\/\/www.etiennegrenier-avocat.fr\/index.php\/droit-de-la-familles\/#breadcrumb"},"inLanguage":"fr-BE","potentialAction":[{"@type":"ReadAction","target":["https:\/\/www.etiennegrenier-avocat.fr\/index.php\/droit-de-la-familles\/"]}]},{"@type":"ImageObject","inLanguage":"fr-BE","@id":"https:\/\/www.etiennegrenier-avocat.fr\/index.php\/droit-de-la-familles\/#primaryimage","url":"https:\/\/www.etiennegrenier-avocat.fr\/wp-content\/uploads\/2019\/07\/droits-de-la-famille.jpg","contentUrl":"https:\/\/www.etiennegrenier-avocat.fr\/wp-content\/uploads\/2019\/07\/droits-de-la-famille.jpg","width":1171,"height":703},{"@type":"BreadcrumbList","@id":"https:\/\/www.etiennegrenier-avocat.fr\/index.php\/droit-de-la-familles\/#breadcrumb","itemListElement":[{"@type":"ListItem","position":1,"name":"Accueil","item":"https:\/\/www.etiennegrenier-avocat.fr\/"},{"@type":"ListItem","position":2,"name":"Droit de la famille"}]},{"@type":"WebSite","@id":"https:\/\/www.etiennegrenier-avocat.fr\/#website","url":"https:\/\/www.etiennegrenier-avocat.fr\/","name":"Etienne Grenier","description":"Avocat \u00e0 la Cour","potentialAction":[{"@type":"SearchAction","target":{"@type":"EntryPoint","urlTemplate":"https:\/\/www.etiennegrenier-avocat.fr\/?s={search_term_string}"},"query-input":{"@type":"PropertyValueSpecification","valueRequired":true,"valueName":"search_term_string"}}],"inLanguage":"fr-BE"}]}},"jetpack_sharing_enabled":true,"jetpack_shortlink":"https:\/\/wp.me\/P8LLNm-3G","_links":{"self":[{"href":"https:\/\/www.etiennegrenier-avocat.fr\/index.php\/wp-json\/wp\/v2\/pages\/228","targetHints":{"allow":["GET"]}}],"collection":[{"href":"https:\/\/www.etiennegrenier-avocat.fr\/index.php\/wp-json\/wp\/v2\/pages"}],"about":[{"href":"https:\/\/www.etiennegrenier-avocat.fr\/index.php\/wp-json\/wp\/v2\/types\/page"}],"author":[{"embeddable":true,"href":"https:\/\/www.etiennegrenier-avocat.fr\/index.php\/wp-json\/wp\/v2\/users\/1"}],"replies":[{"embeddable":true,"href":"https:\/\/www.etiennegrenier-avocat.fr\/index.php\/wp-json\/wp\/v2\/comments?post=228"}],"version-history":[{"count":4,"href":"https:\/\/www.etiennegrenier-avocat.fr\/index.php\/wp-json\/wp\/v2\/pages\/228\/revisions"}],"predecessor-version":[{"id":253,"href":"https:\/\/www.etiennegrenier-avocat.fr\/index.php\/wp-json\/wp\/v2\/pages\/228\/revisions\/253"}],"wp:featuredmedia":[{"embeddable":true,"href":"https:\/\/www.etiennegrenier-avocat.fr\/index.php\/wp-json\/wp\/v2\/media\/245"}],"wp:attachment":[{"href":"https:\/\/www.etiennegrenier-avocat.fr\/index.php\/wp-json\/wp\/v2\/media?parent=228"}],"curies":[{"name":"wp","href":"https:\/\/api.w.org\/{rel}","templated":true}]}}

<h2 class="wp-block-heading">Droit de la famille
et des personnes</h2>



<ul class="wp-block-list"><li><strong>Procédures de divorce :</strong> amiable (consentement mutuel) ou contentieuse.</li></ul>



<ul class="wp-block-list"><li><strong>Saisine du Juge aux Affaires Familiales</strong> aux fins d&rsquo;obtention d&rsquo;une ordonnance de protection.</li></ul>



<ul class="wp-block-list"><li><strong>Demande d&rsquo;obtention</strong> ou de modification du montant de la <strong>pension alimentaire</strong> devant le Juge aux Affaires Familiales.</li></ul>



<ul class="wp-block-list"><li><strong>Demande d&rsquo;obtention</strong> ou de modification d&rsquo;un <strong>droit de visite</strong> ou d&rsquo;hébergement.</li></ul>



<ul class="wp-block-list"><li><strong>Contentieux</strong> liés à l&rsquo;autorité parentale.</li></ul>



<ul class="wp-block-list"><li><strong>Séparation de corps</strong>.</li></ul>



<ul class="wp-block-list"><li><strong>Liquidation de régimes matrimoniaux</strong>.</li></ul>



<ul class="wp-block-list"><li><strong>Adoption</strong> simple ou plénière.</li></ul>



<ul class="wp-block-list"><li><strong>Procédures diverses</strong> en cas de non-paiement de la pension alimentaire ou de non-respect d&rsquo;un droit de visite ou d&rsquo;hébergement.</li></ul>

<p>Droit de la famille et des personnes Procédures de divorce : amiable (consentement mutuel) ou contentieuse. Saisine du Juge aux Affaires Familiales aux fins d&rsquo;obtention d&rsquo;une ordonnance de protection. Demande d&rsquo;obtention ou de modification du montant de la pension alimentaire devant [&hellip;]</p>

<!-- This site is optimized with the Yoast SEO plugin v27.3 - https://yoast.com/product/yoast-seo-wordpress/ -->
<title>Droit de la famille - Etienne Grenier</title>
<meta name="robots" content="index, follow, max-snippet:-1, max-image-preview:large, max-video-preview:-1" />
<link rel="canonical" href="https://www.etiennegrenier-avocat.fr/index.php/droit-de-la-familles/" />
<meta property="og:locale" content="fr_FR" />
<meta property="og:type" content="article" />
<meta property="og:title" content="Droit de la famille - Etienne Grenier" />
<meta property="og:description" content="Droit de la famille et des personnes Procédures de divorce : amiable (consentement mutuel) ou contentieuse. Saisine du Juge aux Affaires Familiales aux fins d&rsquo;obtention d&rsquo;une ordonnance de protection. Demande d&rsquo;obtention ou de modification du montant de la pension alimentaire devant [&hellip;]" />
<meta property="og:url" content="https://www.etiennegrenier-avocat.fr/index.php/droit-de-la-familles/" />
<meta property="og:site_name" content="Etienne Grenier" />
<meta property="article:modified_time" content="2019-07-05T05:33:09+00:00" />
<meta property="og:image" content="https://www.etiennegrenier-avocat.fr/wp-content/uploads/2019/07/droits-de-la-famille.jpg" />
	<meta property="og:image:width" content="1171" />
	<meta property="og:image:height" content="703" />
	<meta property="og:image:type" content="image/jpeg" />
<meta name="twitter:card" content="summary_large_image" />
<script type="application/ld+json" class="yoast-schema-graph">{"@context":"https:\/\/schema.org","@graph":[{"@type":"WebPage","@id":"https:\/\/www.etiennegrenier-avocat.fr\/index.php\/droit-de-la-familles\/","url":"https:\/\/www.etiennegrenier-avocat.fr\/index.php\/droit-de-la-familles\/","name":"Droit de la famille - Etienne Grenier","isPartOf":{"@id":"https:\/\/www.etiennegrenier-avocat.fr\/#website"},"primaryImageOfPage":{"@id":"https:\/\/www.etiennegrenier-avocat.fr\/index.php\/droit-de-la-familles\/#primaryimage"},"image":{"@id":"https:\/\/www.etiennegrenier-avocat.fr\/index.php\/droit-de-la-familles\/#primaryimage"},"thumbnailUrl":"https:\/\/www.etiennegrenier-avocat.fr\/wp-content\/uploads\/2019\/07\/droits-de-la-famille.jpg","datePublished":"2019-07-01T09:50:22+00:00","dateModified":"2019-07-05T05:33:09+00:00","breadcrumb":{"@id":"https:\/\/www.etiennegrenier-avocat.fr\/index.php\/droit-de-la-familles\/#breadcrumb"},"inLanguage":"fr-BE","potentialAction":[{"@type":"ReadAction","target":["https:\/\/www.etiennegrenier-avocat.fr\/index.php\/droit-de-la-familles\/"]}]},{"@type":"ImageObject","inLanguage":"fr-BE","@id":"https:\/\/www.etiennegrenier-avocat.fr\/index.php\/droit-de-la-familles\/#primaryimage","url":"https:\/\/www.etiennegrenier-avocat.fr\/wp-content\/uploads\/2019\/07\/droits-de-la-famille.jpg","contentUrl":"https:\/\/www.etiennegrenier-avocat.fr\/wp-content\/uploads\/2019\/07\/droits-de-la-famille.jpg","width":1171,"height":703},{"@type":"BreadcrumbList","@id":"https:\/\/www.etiennegrenier-avocat.fr\/index.php\/droit-de-la-familles\/#breadcrumb","itemListElement":[{"@type":"ListItem","position":1,"name":"Accueil","item":"https:\/\/www.etiennegrenier-avocat.fr\/"},{"@type":"ListItem","position":2,"name":"Droit de la famille"}]},{"@type":"WebSite","@id":"https:\/\/www.etiennegrenier-avocat.fr\/#website","url":"https:\/\/www.etiennegrenier-avocat.fr\/","name":"Etienne Grenier","description":"Avocat à la Cour","potentialAction":[{"@type":"SearchAction","target":{"@type":"EntryPoint","urlTemplate":"https:\/\/www.etiennegrenier-avocat.fr\/?s={search_term_string}"},"query-input":{"@type":"PropertyValueSpecification","valueRequired":true,"valueName":"search_term_string"}}],"inLanguage":"fr-BE"}]}</script>
<!-- / Yoast SEO plugin. -->

Droit de la famille et des personnes Procédures de divorce : amiable (consentement mutuel) ou contentieuse. Saisine du Juge aux Affaires Familiales aux fins d&rsquo;obtention d&rsquo;une ordonnance de protection. Demande d&rsquo;obtention ou de modification du montant de la pension alimentaire devant [&hellip;]

Avocat à la Cour
